{"id":63,"date":"2024-09-04T13:09:18","date_gmt":"2024-09-04T11:09:18","guid":{"rendered":"https:\/\/www.ruheforst-deutschland.de\/aukrug\/?page_id=63"},"modified":"2025-04-09T16:09:10","modified_gmt":"2025-04-09T14:09:10","slug":"vorsorge","status":"publish","type":"page","link":"https:\/\/www.ruheforst-deutschland.de\/aukrug\/vorsorge\/","title":{"rendered":"Vorsorge"},"content":{"rendered":"<div class=\"wpb-content-wrapper\"><p>[vc_row][vc_column][vc_column_text css=&#8220;&#8220;]<\/p>\n<h1>Vorsorge \u2013 selbstbestimmt und frei<\/h1>\n<p>[\/vc_column_text][vc_row_inner gap=&#8220;25&#8243;][vc_column_inner width=&#8220;1\/2&#8243;][vc_column_text css=&#8220;&#8220;]Es tut gut, f\u00fcr den Moment des Sterbens in wichtigen Punkten Vorsorge getroffen zu haben. Auch die Hinterbliebenen sind dankbar f\u00fcr Entscheidungshilfen und griffbereite Dokumente im Moment der Trauer. Tr\u00f6stlich ist es dann, wenn die W\u00fcnsche des Verstorbenen in die Gestaltung der Beerdigung mit einflie\u00dfen k\u00f6nnen. So bleibt f\u00fcr die Hinterbliebenen das Gef\u00fchl, das Richtige getan zu haben.<\/p>\n<p>In einem RuheForst beginnt die Vorsorge mit einem Waldspaziergang.<\/p>\n<p>Die behutsam gepflegten W\u00e4lder, die als RuheForste ausgew\u00e4hlt wurden, sind gewachsene und lebendige W\u00e4lder, in denen der Kreislauf des Lebens mit seinem Wechsel von Werden und Vergehen in besonderer Weise sichtbar ist. Sich selbst in diesem Kreislauf wahrzunehmen bedeutet auch, sich seiner eigenen Endlichkeit bewusst zu werden, und ist f\u00fcr viele Menschen gleichzeitig st\u00e4rkend und tr\u00f6stlich.<\/p>\n<p>Bei einem Spaziergang durch den alten Buchen- und Eichenwald kann eine Grabst\u00e4tte dort ausgew\u00e4hlt werden, wo es einem am besten gef\u00e4llt. Durch die lange vertragliche Laufzeit der Liegerechte (bis zu 99 Jahre) an einem RuheBiotop erwerben viele Menschen bereits zu Lebzeiten eine k\u00fcnftige Ruhest\u00e4tte im Rahmen ihrer Vorsorge. So k\u00f6nnen sie ihren \u201eLieblingsbaum\u201c im Wandel der Jahreszeiten besuchen und\u00a0 wachsen sehen und der \u201eeigene\u201c Baum kann dadurch zu einem wichtigen Bezugspunkt im Leben werden.<\/p>\n<p>&nbsp;<\/p>\n<p>&nbsp;<\/p>\n<p>[\/vc_column_text][\/vc_column_inner][vc_column_inner width=&#8220;1\/2&#8243;][vc_masonry_media_grid element_width=&#8220;12&#8243; css=&#8220;&#8220; grid_id=&#8220;vc_gid:1744207743895-ee5e2011-47b8-1&#8243; include=&#8220;67&#8243;][\/vc_column_inner][\/vc_row_inner][\/vc_column][\/vc_row][vc_section full_width=&#8220;stretch_row&#8220; css=&#8220;.vc_custom_1725451201766{margin-top: 50px !important;margin-bottom: 50px !important;padding-top: 50px !important;padding-bottom: 50px !important;background-color: #C7D4BE !important;}&#8220;][vc_row][vc_column][vc_column_text css=&#8220;.vc_custom_1725451210981{margin-bottom: 50px !important;}&#8220;]<\/p>\n<h2 style=\"text-align: center;\">Unsere Hauptseite bietet weitere Informationen zu folgenden Themen:<\/h2>\n<p>[\/vc_column_text][\/vc_column][\/vc_row][vc_row gap=&#8220;25&#8243; equal_height=&#8220;yes&#8220; content_placement=&#8220;top&#8220; css=&#8220;.vc_custom_1725451350157{padding: 0px !important;}&#8220;][vc_column width=&#8220;1\/3&#8243; css=&#8220;.vc_custom_1725450677834{border-top-width: 1px !important;border-right-width: 1px !important;border-bottom-width: 1px !important;border-left-width: 1px !important;padding-top: 25px !important;padding-right: 25px !important;padding-bottom: 25px !important;padding-left: 25px !important;background-color: #FFFFFF !important;border-left-style: solid !important;border-right-style: solid !important;border-top-style: solid !important;border-bottom-style: solid !important;border-color: #004519 !important;}&#8220;][vc_column_text css=&#8220;&#8220;]<\/p>\n<h3>Erwerb eines RuheBiotops = Bestattungs\u00advorsorge<\/h3>\n<p>Um einen RuheBiotop zu erwerben gibt es mehrere M\u00f6glichkeiten.[\/vc_column_text][vc_btn title=&#8220;Mehr erfahren&#8220; style=&#8220;outline-custom&#8220; outline_custom_color=&#8220;#004519&#8243; outline_custom_hover_background=&#8220;#004519&#8243; outline_custom_hover_text=&#8220;#FFFFFF&#8220; shape=&#8220;square&#8220; i_align=&#8220;right&#8220; i_icon_fontawesome=&#8220;fas fa-chevron-right&#8220; css=&#8220;.vc_custom_1725450502450{margin-bottom: 0px !important;background-color: #FFFFFF !important;border-color: #FFFFFF !important;}&#8220; add_icon=&#8220;true&#8220; link=&#8220;url:https%3A%2F%2Fwww.ruheforst-deutschland.de%2Fabschied-im-ruheforst%2Fruhebiotop-erwerb%2F|target:_blank&#8220;][\/vc_column][vc_column width=&#8220;1\/3&#8243; css=&#8220;.vc_custom_1725450683550{border-top-width: 1px !important;border-right-width: 1px !important;border-bottom-width: 1px !important;border-left-width: 1px !important;padding-top: 25px !important;padding-right: 25px !important;padding-bottom: 25px !important;padding-left: 25px !important;background-color: #FFFFFF !important;border-left-style: solid !important;border-right-style: solid !important;border-top-style: solid !important;border-bottom-style: solid !important;border-color: #004519 !important;}&#8220;][vc_column_text css=&#8220;&#8220;]<\/p>\n<h3>Ablauf einer Waldbestattung<\/h3>\n<p>Im Nachfolgenden finden Sie einige n\u00fctzliche Hinweise zur Beisetzung eines Verstorbenen in einem RuheForst.[\/vc_column_text][vc_btn title=&#8220;Mehr erfahren&#8220; style=&#8220;outline-custom&#8220; outline_custom_color=&#8220;#004519&#8243; outline_custom_hover_background=&#8220;#004519&#8243; outline_custom_hover_text=&#8220;#FFFFFF&#8220; shape=&#8220;square&#8220; i_align=&#8220;right&#8220; i_icon_fontawesome=&#8220;fas fa-chevron-right&#8220; css=&#8220;.vc_custom_1725450497201{margin-bottom: 0px !important;background-color: #FFFFFF !important;border-color: #FFFFFF !important;}&#8220; add_icon=&#8220;true&#8220; link=&#8220;url:https%3A%2F%2Fwww.ruheforst-deutschland.de%2Fabschied-im-ruheforst%2Fablauf-einer-waldbestattung%2F|target:_blank&#8220;][\/vc_column][vc_column width=&#8220;1\/3&#8243; css=&#8220;.vc_custom_1725450687898{border-top-width: 1px !important;border-right-width: 1px !important;border-bottom-width: 1px !important;border-left-width: 1px !important;padding-top: 25px !important;padding-right: 25px !important;padding-bottom: 25px !important;padding-left: 25px !important;background-color: #FFFFFF !important;border-left-style: solid !important;border-right-style: solid !important;border-top-style: solid !important;border-bottom-style: solid !important;border-color: #004519 !important;}&#8220;][vc_column_text css=&#8220;&#8220;]<\/p>\n<h3>Patienten\u00adverf\u00fcgung<\/h3>\n<p>Mit einer Patientenverf\u00fcgung regeln Sie Fragen der medizinischen Versorgung f\u00fcr den Fall, dass Sie sich in einer Behandlungssituation nicht mehr \u00e4u\u00dfern k\u00f6nnen[\/vc_column_text][vc_btn title=&#8220;Mehr erfahren&#8220; style=&#8220;outline-custom&#8220; outline_custom_color=&#8220;#004519&#8243; outline_custom_hover_background=&#8220;#004519&#8243; outline_custom_hover_text=&#8220;#FFFFFF&#8220; shape=&#8220;square&#8220; i_align=&#8220;right&#8220; i_icon_fontawesome=&#8220;fas fa-chevron-right&#8220; css=&#8220;.vc_custom_1725450492985{margin-bottom: 0px !important;background-color: #FFFFFF !important;border-color: #FFFFFF !important;}&#8220; add_icon=&#8220;true&#8220; link=&#8220;url:https%3A%2F%2Fwww.ruheforst-deutschland.de%2Fvorsorge%2Fpatientenverfuegung%2F|target:_blank&#8220;][\/vc_column][\/vc_row][vc_row gap=&#8220;25&#8243; equal_height=&#8220;yes&#8220; content_placement=&#8220;top&#8220; css=&#8220;.vc_custom_1725451371505{margin: 0px !important;padding: 0px !important;}&#8220;][vc_column width=&#8220;1\/3&#8243; css=&#8220;.vc_custom_1725450677834{border-top-width: 1px !important;border-right-width: 1px !important;border-bottom-width: 1px !important;border-left-width: 1px !important;padding-top: 25px !important;padding-right: 25px !important;padding-bottom: 25px !important;padding-left: 25px !important;background-color: #FFFFFF !important;border-left-style: solid !important;border-right-style: solid !important;border-top-style: solid !important;border-bottom-style: solid !important;border-color: #004519 !important;}&#8220;][vc_column_text css=&#8220;&#8220;]<\/p>\n<h3>Vorsorge\u00advollmacht<\/h3>\n<p>Sie sollten Ihre Patientenverf\u00fcgung mit einer Vorsorgevollmacht\/-verf\u00fcgung f\u00fcr einen oder mehrere Vertraute verbinden.[\/vc_column_text][vc_btn title=&#8220;Mehr erfahren&#8220; style=&#8220;outline-custom&#8220; outline_custom_color=&#8220;#004519&#8243; outline_custom_hover_background=&#8220;#004519&#8243; outline_custom_hover_text=&#8220;#FFFFFF&#8220; shape=&#8220;square&#8220; i_align=&#8220;right&#8220; i_icon_fontawesome=&#8220;fas fa-chevron-right&#8220; css=&#8220;.vc_custom_1725451037231{margin-bottom: 0px !important;background-color: #FFFFFF !important;border-color: #FFFFFF !important;}&#8220; add_icon=&#8220;true&#8220; link=&#8220;url:https%3A%2F%2Fwww.ruheforst-deutschland.de%2Fvorsorge%2Fvorsorgevollmacht%2F|target:_blank&#8220;][\/vc_column][vc_column width=&#8220;1\/3&#8243; css=&#8220;.vc_custom_1725450683550{border-top-width: 1px !important;border-right-width: 1px !important;border-bottom-width: 1px !important;border-left-width: 1px !important;padding-top: 25px !important;padding-right: 25px !important;padding-bottom: 25px !important;padding-left: 25px !important;background-color: #FFFFFF !important;border-left-style: solid !important;border-right-style: solid !important;border-top-style: solid !important;border-bottom-style: solid !important;border-color: #004519 !important;}&#8220;][vc_column_text css=&#8220;&#8220;]<\/p>\n<h3>Betreuungs\u00adverf\u00fcgung<\/h3>\n<p>Eine ausf\u00fchrliche Betreuungsverf\u00fcgung dient Ihrer Sicherheit und der Handlungssicherheit Ihres Betreuers.[\/vc_column_text][vc_btn title=&#8220;Mehr erfahren&#8220; style=&#8220;outline-custom&#8220; outline_custom_color=&#8220;#004519&#8243; outline_custom_hover_background=&#8220;#004519&#8243; outline_custom_hover_text=&#8220;#FFFFFF&#8220; shape=&#8220;square&#8220; i_align=&#8220;right&#8220; i_icon_fontawesome=&#8220;fas fa-chevron-right&#8220; css=&#8220;.vc_custom_1725451030214{margin-bottom: 0px !important;background-color: #FFFFFF !important;border-color: #FFFFFF !important;}&#8220; add_icon=&#8220;true&#8220; link=&#8220;url:https%3A%2F%2Fwww.ruheforst-deutschland.de%2Fvorsorge%2Fbetreuungsverfuegung%2F|target:_blank&#8220;][\/vc_column][vc_column width=&#8220;1\/3&#8243; css=&#8220;.vc_custom_1725450687898{border-top-width: 1px !important;border-right-width: 1px !important;border-bottom-width: 1px !important;border-left-width: 1px !important;padding-top: 25px !important;padding-right: 25px !important;padding-bottom: 25px !important;padding-left: 25px !important;background-color: #FFFFFF !important;border-left-style: solid !important;border-right-style: solid !important;border-top-style: solid !important;border-bottom-style: solid !important;border-color: #004519 !important;}&#8220;][vc_column_text css=&#8220;&#8220;]<\/p>\n<h3>Bankvollmacht<\/h3>\n<p>Es gibt Situationen im Leben, in denen ein Mensch nicht mehr oder vor\u00fcbergehend nicht in der Lage ist, Entscheidungen selbst zu treffen.[\/vc_column_text][vc_btn title=&#8220;Mehr erfahren&#8220; style=&#8220;outline-custom&#8220; outline_custom_color=&#8220;#004519&#8243; outline_custom_hover_background=&#8220;#004519&#8243; outline_custom_hover_text=&#8220;#FFFFFF&#8220; shape=&#8220;square&#8220; i_align=&#8220;right&#8220; i_icon_fontawesome=&#8220;fas fa-chevron-right&#8220; css=&#8220;.vc_custom_1725451020764{margin-bottom: 0px !important;background-color: #FFFFFF !important;border-color: #FFFFFF !important;}&#8220; add_icon=&#8220;true&#8220; link=&#8220;url:https%3A%2F%2Fwww.ruheforst-deutschland.de%2Fvorsorge%2Fbankvollmacht%2F|target:_blank&#8220;][\/vc_column][\/vc_row][vc_row gap=&#8220;25&#8243; equal_height=&#8220;yes&#8220; content_placement=&#8220;top&#8220; css=&#8220;.vc_custom_1725451379870{padding: 0px !important;}&#8220;][vc_column width=&#8220;1\/3&#8243; css=&#8220;.vc_custom_1725450677834{border-top-width: 1px !important;border-right-width: 1px !important;border-bottom-width: 1px !important;border-left-width: 1px !important;padding-top: 25px !important;padding-right: 25px !important;padding-bottom: 25px !important;padding-left: 25px !important;background-color: #FFFFFF !important;border-left-style: solid !important;border-right-style: solid !important;border-top-style: solid !important;border-bottom-style: solid !important;border-color: #004519 !important;}&#8220;][vc_column_text css=&#8220;&#8220;]<\/p>\n<h3>Sterbegeld\u00adversicherung<\/h3>\n<p>Unter einer Sterbegeldversicherung versteht man eine meist lebensl\u00e4ngliche Lebensversicherung auf den Todesfall mit einer relativ geringen Versicherungssumme.[\/vc_column_text][vc_btn title=&#8220;Mehr erfahren&#8220; style=&#8220;outline-custom&#8220; outline_custom_color=&#8220;#004519&#8243; outline_custom_hover_background=&#8220;#004519&#8243; outline_custom_hover_text=&#8220;#FFFFFF&#8220; shape=&#8220;square&#8220; i_align=&#8220;right&#8220; i_icon_fontawesome=&#8220;fas fa-chevron-right&#8220; css=&#8220;.vc_custom_1725451013582{margin-bottom: 0px !important;background-color: #FFFFFF !important;border-color: #FFFFFF !important;}&#8220; add_icon=&#8220;true&#8220; link=&#8220;url:https%3A%2F%2Fwww.ruheforst-deutschland.de%2Fvorsorge%2Fsterbegeldversicherung%2F|target:_blank&#8220;][\/vc_column][vc_column width=&#8220;1\/3&#8243; css=&#8220;.vc_custom_1725450683550{border-top-width: 1px !important;border-right-width: 1px !important;border-bottom-width: 1px !important;border-left-width: 1px !important;padding-top: 25px !important;padding-right: 25px !important;padding-bottom: 25px !important;padding-left: 25px !important;background-color: #FFFFFF !important;border-left-style: solid !important;border-right-style: solid !important;border-top-style: solid !important;border-bottom-style: solid !important;border-color: #004519 !important;}&#8220;][vc_column_text css=&#8220;&#8220;]<\/p>\n<h3>Organspende<\/h3>\n<p>Sich zu Lebzeiten mit der Frage auseinanderzusetzen, ob man nach dem eigenen Tod eine Organspende machen m\u00f6chte und eine Entscheidung zu dar\u00fcber treffen, ist bestimmt nicht einfach.[\/vc_column_text][vc_btn title=&#8220;Mehr erfahren&#8220; style=&#8220;outline-custom&#8220; outline_custom_color=&#8220;#004519&#8243; outline_custom_hover_background=&#8220;#004519&#8243; outline_custom_hover_text=&#8220;#FFFFFF&#8220; shape=&#8220;square&#8220; i_align=&#8220;right&#8220; i_icon_fontawesome=&#8220;fas fa-chevron-right&#8220; css=&#8220;.vc_custom_1725451005232{margin-bottom: 0px !important;background-color: #FFFFFF !important;border-color: #FFFFFF !important;}&#8220; add_icon=&#8220;true&#8220; link=&#8220;url:https%3A%2F%2Fwww.ruheforst-deutschland.de%2Fvorsorge%2Forganspende%2F|target:_blank&#8220;][\/vc_column][vc_column width=&#8220;1\/3&#8243; css=&#8220;.vc_custom_1725450687898{border-top-width: 1px !important;border-right-width: 1px !important;border-bottom-width: 1px !important;border-left-width: 1px !important;padding-top: 25px !important;padding-right: 25px !important;padding-bottom: 25px !important;padding-left: 25px !important;background-color: #FFFFFF !important;border-left-style: solid !important;border-right-style: solid !important;border-top-style: solid !important;border-bottom-style: solid !important;border-color: #004519 !important;}&#8220;][vc_column_text css=&#8220;&#8220;]<\/p>\n<h3>Testament<\/h3>\n<p>Beim Tod eines Menschen, der kein wirksames Testament erstellt hat, tritt die gesetzliche Erbfolge ein.[\/vc_column_text][vc_btn title=&#8220;Mehr erfahren&#8220; style=&#8220;outline-custom&#8220; outline_custom_color=&#8220;#004519&#8243; outline_custom_hover_background=&#8220;#004519&#8243; outline_custom_hover_text=&#8220;#FFFFFF&#8220; shape=&#8220;square&#8220; i_align=&#8220;right&#8220; i_icon_fontawesome=&#8220;fas fa-chevron-right&#8220; css=&#8220;.vc_custom_1725450997200{margin-bottom: 0px !important;background-color: #FFFFFF !important;border-color: #FFFFFF !important;}&#8220; add_icon=&#8220;true&#8220; link=&#8220;url:https%3A%2F%2Fwww.ruheforst-deutschland.de%2Fvorsorge%2Ftestament%2F|target:_blank&#8220;][\/vc_column][\/vc_row][\/vc_section]<\/p>\n<\/div>","protected":false},"excerpt":{"rendered":"<p>[vc_row][vc_column][vc_column_text css=&#8220;&#8220;] Vorsorge \u2013 selbstbestimmt und frei [\/vc_column_text][vc_row_inner gap=&#8220;25&#8243;][vc_column_inner width=&#8220;1\/2&#8243;][vc_column_text css=&#8220;&#8220;]Es tut gut, f\u00fcr den Moment des Sterbens in wichtigen Punkten Vorsorge getroffen zu haben. Auch die Hinterbliebenen sind dankbar&#8230; <a class=\"read-more\" href=\"https:\/\/www.ruheforst-deutschland.de\/aukrug\/vorsorge\/\">Weiterlesen<\/a><\/p>\n","protected":false},"author":1,"featured_media":0,"parent":0,"menu_order":2,"comment_status":"closed","ping_status":"closed","template":"","meta":{"site-sidebar-layout":"no-sidebar","site-content-layout":"plain-container","ast-site-content-layout":"default","site-content-style":"default","site-sidebar-style":"default","ast-global-header-display":"","ast-banner-title-visibility":"","ast-main-header-display":"","ast-hfb-above-header-display":"","ast-hfb-below-header-display":"","ast-hfb-mobile-header-display":"","site-post-title":"disabled","ast-breadcrumbs-content":"","ast-featured-img":"disabled","footer-sml-layout":"","ast-disable-related-posts":"","theme-transparent-header-meta":"default","adv-header-id-meta":"","stick-header-meta":"","header-above-stick-meta":"","header-main-stick-meta":"","header-below-stick-meta":"","astra-migrate-meta-layouts":"set","ast-page-background-enabled":"default","ast-page-background-meta":{"desktop":{"background-color":"var(--ast-global-color-4)","background-image":"","background-repeat":"repeat","background-position":"center center","background-size":"auto","background-attachment":"scroll","background-type":"","background-media":"","overlay-type":"","overlay-color":"","overlay-opacity":"","overlay-gradient":""},"tablet":{"background-color":"","background-image":"","background-repeat":"repeat","background-position":"center center","background-size":"auto","background-attachment":"scroll","background-type":"","background-media":"","overlay-type":"","overlay-color":"","overlay-opacity":"","overlay-gradient":""},"mobile":{"background-color":"","background-image":"","background-repeat":"repeat","background-position":"center center","background-size":"auto","background-attachment":"scroll","background-type":"","background-media":"","overlay-type":"","overlay-color":"","overlay-opacity":"","overlay-gradient":""}},"ast-content-background-meta":{"desktop":{"background-color":"var(--ast-global-color-5)","background-image":"","background-repeat":"repeat","background-position":"center center","background-size":"auto","background-attachment":"scroll","background-type":"","background-media":"","overlay-type":"","overlay-color":"","overlay-opacity":"","overlay-gradient":""},"tablet":{"background-color":"var(--ast-global-color-5)","background-image":"","background-repeat":"repeat","background-position":"center center","background-size":"auto","background-attachment":"scroll","background-type":"","background-media":"","overlay-type":"","overlay-color":"","overlay-opacity":"","overlay-gradient":""},"mobile":{"background-color":"var(--ast-global-color-5)","background-image":"","background-repeat":"repeat","background-position":"center center","background-size":"auto","background-attachment":"scroll","background-type":"","background-media":"","overlay-type":"","overlay-color":"","overlay-opacity":"","overlay-gradient":""}},"footnotes":""},"class_list":["post-63","page","type-page","status-publish","hentry"],"_links":{"self":[{"href":"https:\/\/www.ruheforst-deutschland.de\/aukrug\/wp-json\/wp\/v2\/pages\/63","targetHints":{"allow":["GET"]}}],"collection":[{"href":"https:\/\/www.ruheforst-deutschland.de\/aukrug\/wp-json\/wp\/v2\/pages"}],"about":[{"href":"https:\/\/www.ruheforst-deutschland.de\/aukrug\/wp-json\/wp\/v2\/types\/page"}],"author":[{"embeddable":true,"href":"https:\/\/www.ruheforst-deutschland.de\/aukrug\/wp-json\/wp\/v2\/users\/1"}],"replies":[{"embeddable":true,"href":"https:\/\/www.ruheforst-deutschland.de\/aukrug\/wp-json\/wp\/v2\/comments?post=63"}],"version-history":[{"count":29,"href":"https:\/\/www.ruheforst-deutschland.de\/aukrug\/wp-json\/wp\/v2\/pages\/63\/revisions"}],"predecessor-version":[{"id":668,"href":"https:\/\/www.ruheforst-deutschland.de\/aukrug\/wp-json\/wp\/v2\/pages\/63\/revisions\/668"}],"wp:attachment":[{"href":"https:\/\/www.ruheforst-deutschland.de\/aukrug\/wp-json\/wp\/v2\/media?parent=63"}],"curies":[{"name":"wp","href":"https:\/\/api.w.org\/{rel}","templated":true}]}}