{"id":126,"date":"2024-09-04T14:48:53","date_gmt":"2024-09-04T12:48:53","guid":{"rendered":"https:\/\/www.ruheforst-deutschland.de\/eiderquelle\/?page_id=126"},"modified":"2026-03-17T19:58:23","modified_gmt":"2026-03-17T18:58:23","slug":"anfahrt","status":"publish","type":"page","link":"https:\/\/www.ruheforst-deutschland.de\/eiderquelle\/anfahrt\/","title":{"rendered":"Anfahrt"},"content":{"rendered":"<div class=\"wpb-content-wrapper\"><p>[vc_row][vc_column][vc_column_text css=&#8220;&#8220;]<\/p>\n<h1>Anfahrt<\/h1>\n<p>[\/vc_column_text][vc_row_inner gap=&#8220;25&#8243; css=&#8220;.vc_custom_1725978475409{padding: 0px !important;}&#8220;][vc_column_inner width=&#8220;1\/3&#8243;][vc_column_text css=&#8220;&#8220;]<strong>RuheForst Bothkamp an der Eiderquelle<\/strong><\/p>\n<h3>Aus Richtung Flensburg \/ Hamburg \u00fcber die BAB 7 kommend:<\/h3>\n<p>Biegen Sie von der BAB 7 an der Anschlussstelle Nr. 11 Bordesholm in Richtung Bordesholm, Pl\u00f6n ab. Sie passieren Bordesholm und durchqueren Gro\u00df Buchwald. In Bothkamp Leckerh\u00f6lken biegen Sie rechts ab in Richtung Neum\u00fcnster \/ Schipphorst.<br \/>\nNach ca. 0,6 km fahren Sie links in Richtung Schillsdorf \/ Schipphorst ab. Nach weiteren ca. 0,5 km befindet sich auf der linken Seite der Parkplatz des RuheForstes \u201eBothkamp an der Eiderquelle\u201c.<br \/>\nEingabe f\u00fcr Ihr Navigationsger\u00e4t: Friedenstal 2 in 24250 Bothkamp<\/p>\n<h3>Aus Richtung Pl\u00f6n \u00fcber die B 430 kommend:<\/h3>\n<p>Folgen Sie der B 430 bis nach Ascheberg und fahren dort auf die L 67 in Richtung Depenau. Fahren Sie auf der L 67 bis zur B 404 und biegen dort rechts in Richtung Kiel ab. Weiterer Fahrtverlauf wie nachfolgend beschrieben.<br \/>\nEingabe f\u00fcr Ihr Navigationsger\u00e4t: Friedenstal 2 in 24250 Bothkamp<\/p>\n<h3>Aus Richtung L\u00fcbeck \/ Bad Segeberg \u00fcber die B 404\/A21 kommend:<\/h3>\n<p>Aus Richtung L\u00fcbeck \/ Bad Segeberg \u00fcber die B 404\/A21 kommend:[\/vc_column_text][vc_column_text css=&#8220;&#8220;]<\/p>\n<h4>Navigation<\/h4>\n<p>RuheForst Bothkamp an der Eiderquelle,<br \/>\nFriedenstal 2, 24250 Bothkamp<br \/>\nKoordinaten: 54.14889, 10.14117<\/p>\n<p>QR-Code Anfahrt[\/vc_column_text][vc_single_image image=&#8220;699&#8243; img_size=&#8220;200px x 200px&#8220; css=&#8220;&#8220;][\/vc_column_inner][vc_column_inner width=&#8220;2\/3&#8243;][vc_gmaps link=&#8220;#E-8_JTNDaWZyYW1lJTIwc3JjJTNEJTIyaHR0cHMlM0ElMkYlMkZ3d3cuZ29vZ2xlLmNvbSUyRm1hcHMlMkZlbWJlZCUzRnBiJTNEJTIxMW0xOCUyMTFtMTIlMjExbTMlMjExZDM5NzYuNzY4ODQwNjI2Nzk2NiUyMTJkMTAuMTM4NTgzNjc3Njc3MTA2JTIxM2Q1NC4xNDg3MjE1MTQzODUxOCUyMTJtMyUyMTFmMCUyMTJmMCUyMTNmMCUyMTNtMiUyMTFpMTAyNCUyMTJpNzY4JTIxNGYxMy4xJTIxM20zJTIxMW0yJTIxMXMweDQ3YjI0ZjlhMzk0ZWJhZjElMjUzQTB4YzBhOWJhMmYzMTZkM2ExMSUyMTJzUnVoZWZvcnN0JTI1MjBCb3Roa2FtcCUyNTIwYW4lMjUyMGRlciUyNTIwRWlkZXJxdWVsbGUlMjE1ZTElMjEzbTIlMjExc2RlJTIxMnNkZSUyMTR2MTc3Mzc3Mzg3ODA3NCUyMTVtMiUyMTFzZGUlMjEyc2RlJTIyJTIwd2lkdGglM0QlMjI2MDAlMjIlMjBoZWlnaHQlM0QlMjI0NTAlMjIlMjBzdHlsZSUzRCUyMmJvcmRlciUzQTAlM0IlMjIlMjBhbGxvd2Z1bGxzY3JlZW4lM0QlMjIlMjIlMjBsb2FkaW5nJTNEJTIybGF6eSUyMiUyMHJlZmVycmVycG9saWN5JTNEJTIybm8tcmVmZXJyZXItd2hlbi1kb3duZ3JhZGUlMjIlM0UlM0MlMkZpZnJhbWUlM0UlMEElMEE=&#8220; css=&#8220;&#8220;][\/vc_column_inner][\/vc_row_inner][\/vc_column][\/vc_row]<\/p>\n<\/div>","protected":false},"excerpt":{"rendered":"<p>[vc_row][vc_column][vc_column_text css=&#8220;&#8220;] Anfahrt [\/vc_column_text][vc_row_inner gap=&#8220;25&#8243; css=&#8220;.vc_custom_1725978475409{padding: 0px !important;}&#8220;][vc_column_inner width=&#8220;1\/3&#8243;][vc_column_text css=&#8220;&#8220;]RuheForst Bothkamp an der Eiderquelle Aus Richtung Flensburg \/ Hamburg \u00fcber die BAB 7 kommend: Biegen Sie von der BAB 7&#8230; <a class=\"read-more\" href=\"https:\/\/www.ruheforst-deutschland.de\/eiderquelle\/anfahrt\/\">Weiterlesen<\/a><\/p>\n","protected":false},"author":1,"featured_media":0,"parent":0,"menu_order":7,"comment_status":"closed","ping_status":"closed","template":"","meta":{"site-sidebar-layout":"no-sidebar","site-content-layout":"plain-container","ast-site-content-layout":"default","site-content-style":"default","site-sidebar-style":"default","ast-global-header-display":"","ast-banner-title-visibility":"","ast-main-header-display":"","ast-hfb-above-header-display":"","ast-hfb-below-header-display":"","ast-hfb-mobile-header-display":"","site-post-title":"disabled","ast-breadcrumbs-content":"","ast-featured-img":"disabled","footer-sml-layout":"","ast-disable-related-posts":"","theme-transparent-header-meta":"default","adv-header-id-meta":"","stick-header-meta":"","header-above-stick-meta":"","header-main-stick-meta":"","header-below-stick-meta":"","astra-migrate-meta-layouts":"set","ast-page-background-enabled":"default","ast-page-background-meta":{"desktop":{"background-color":"var(--ast-global-color-4)","background-image":"","background-repeat":"repeat","background-position":"center center","background-size":"auto","background-attachment":"scroll","background-type":"","background-media":"","overlay-type":"","overlay-color":"","overlay-opacity":"","overlay-gradient":""},"tablet":{"background-color":"","background-image":"","background-repeat":"repeat","background-position":"center center","background-size":"auto","background-attachment":"scroll","background-type":"","background-media":"","overlay-type":"","overlay-color":"","overlay-opacity":"","overlay-gradient":""},"mobile":{"background-color":"","background-image":"","background-repeat":"repeat","background-position":"center center","background-size":"auto","background-attachment":"scroll","background-type":"","background-media":"","overlay-type":"","overlay-color":"","overlay-opacity":"","overlay-gradient":""}},"ast-content-background-meta":{"desktop":{"background-color":"var(--ast-global-color-5)","background-image":"","background-repeat":"repeat","background-position":"center center","background-size":"auto","background-attachment":"scroll","background-type":"","background-media":"","overlay-type":"","overlay-color":"","overlay-opacity":"","overlay-gradient":""},"tablet":{"background-color":"var(--ast-global-color-5)","background-image":"","background-repeat":"repeat","background-position":"center center","background-size":"auto","background-attachment":"scroll","background-type":"","background-media":"","overlay-type":"","overlay-color":"","overlay-opacity":"","overlay-gradient":""},"mobile":{"background-color":"var(--ast-global-color-5)","background-image":"","background-repeat":"repeat","background-position":"center center","background-size":"auto","background-attachment":"scroll","background-type":"","background-media":"","overlay-type":"","overlay-color":"","overlay-opacity":"","overlay-gradient":""}},"footnotes":""},"class_list":["post-126","page","type-page","status-publish","hentry"],"_links":{"self":[{"href":"https:\/\/www.ruheforst-deutschland.de\/eiderquelle\/wp-json\/wp\/v2\/pages\/126","targetHints":{"allow":["GET"]}}],"collection":[{"href":"https:\/\/www.ruheforst-deutschland.de\/eiderquelle\/wp-json\/wp\/v2\/pages"}],"about":[{"href":"https:\/\/www.ruheforst-deutschland.de\/eiderquelle\/wp-json\/wp\/v2\/types\/page"}],"author":[{"embeddable":true,"href":"https:\/\/www.ruheforst-deutschland.de\/eiderquelle\/wp-json\/wp\/v2\/users\/1"}],"replies":[{"embeddable":true,"href":"https:\/\/www.ruheforst-deutschland.de\/eiderquelle\/wp-json\/wp\/v2\/comments?post=126"}],"version-history":[{"count":24,"href":"https:\/\/www.ruheforst-deutschland.de\/eiderquelle\/wp-json\/wp\/v2\/pages\/126\/revisions"}],"predecessor-version":[{"id":1103,"href":"https:\/\/www.ruheforst-deutschland.de\/eiderquelle\/wp-json\/wp\/v2\/pages\/126\/revisions\/1103"}],"wp:attachment":[{"href":"https:\/\/www.ruheforst-deutschland.de\/eiderquelle\/wp-json\/wp\/v2\/media?parent=126"}],"curies":[{"name":"wp","href":"https:\/\/api.w.org\/{rel}","templated":true}]}}