{"id":231,"date":"2024-09-09T10:49:16","date_gmt":"2024-09-09T08:49:16","guid":{"rendered":"https:\/\/www.ruheforst-deutschland.de\/ostseekueste\/?page_id=231"},"modified":"2025-08-31T10:05:50","modified_gmt":"2025-08-31T08:05:50","slug":"ruheforst-konzept","status":"publish","type":"page","link":"https:\/\/www.ruheforst-deutschland.de\/ostseekueste\/ruheforst-konzept\/","title":{"rendered":"RuheForst\u00ae Konzept"},"content":{"rendered":"<div class=\"wpb-content-wrapper\"><p>[vc_row gap=&#8220;25&#8243;][vc_column][vc_column_text css=&#8220;&#8220;]<\/p>\n<h1>RuheForst\u00ae Konzept<\/h1>\n<p>[\/vc_column_text][vc_row_inner gap=&#8220;25&#8243; css=&#8220;.vc_custom_1725874562904{padding: 0px !important;}&#8220;][vc_column_inner][vc_column_text css=&#8220;&#8220;]Im RuheForst befinden sich zahlreiche RuheBiotope. Diese Fl\u00e4chen, durch einen Baum oder ein anderes Naturmerkmal gekennzeichnet, k\u00f6nnen als letzte Ruhest\u00e4tte ausgew\u00e4hlt werden. Hier k\u00f6nnen einzelne Personen, Familien oder andere im Leben verbundene Menschen beigesetzt werden.[\/vc_column_text][vc_column_text css=&#8220;&#8220;]<\/p>\n<h3>Zur Geschichte:<\/h3>\n<p>Schon fr\u00fch haben Menschen die Sch\u00f6nheit und Ausstrahlung dieses au\u00dfergew\u00f6hnlichen Platzes erkannt. H\u00fchnengr\u00e4ber zeugen von alter Besiedlung und aus dem Mittelalter gibt es Aufzeichnung, die auf eine Burganlage hinweisen.<br \/>\nSeit 1773 ist dieser Wald im Familienbesitz und wurde mit weitsichtiger Sorgfalt naturnah bewirtschaftet. Ziel war und ist heute noch einen artenreichen, stabilen Mischwald mit einheimischen Baumarten zu pflegen. Das Ergebnis ist ein gesunder hoch aufragender Wald, dessen Gr\u00fcn im Sommer f\u00fcr diesen K\u00fcstenstreifen kennzeichnend ist.[\/vc_column_text][vc_column_text css=&#8220;&#8220;]<\/p>\n<h3>Waldbau:<\/h3>\n<p>Der Wald des Gutes Brodau wird nach \u00f6kologisch besonderes hohen Anspr\u00fcchen bewirtschaftet. Kernpunkte sind der Verzicht auf Kahlschl\u00e4ge und ganz besonders der Erhalt von \u00f6kologisch wertvollen B\u00e4umen und Einzelbiotopen. Dadurch finden viele, sonst seltene Tier- und Pflanzenarten hier eine R\u00fcckzugsm\u00f6glichkeit.<\/p>\n<p>Die forstliche Bewirtschaftung wird im RuheForst Ostseek\u00fcste \/ Brodau auf notwendige verkehrssichernde Ma\u00dfnahmen beschr\u00e4nkt. Nach der regelm\u00e4\u00dfigen Sichtung durch besonders geschultes Forstpersonal werden gef\u00e4hrdende \u00c4ste und Ganzb\u00e4ume entnommen, sodass der RuheForst gefahrlos auf den Wegen betreten werden kann.<br \/>\nNur ausnahmsweise, zum dauerhaften Schutz ausgew\u00e4hlter RuheBiotope k\u00f6nnen bedr\u00e4ngende B\u00e4ume schonend entnommen werden. So werden die RuheBiotope dauerhaft gesichert.[\/vc_column_text][vc_column_text css=&#8220;&#8220;]<\/p>\n<h1>Wissenswertes<\/h1>\n<p>Das Gut Brodau wurde um 1530 von der Familie Rantzau auf einer nat\u00fcrlichen Insel im See erbaut. Die Zufahrt durch ein Torhaus geschah fr\u00fcher \u00fcber eine Zugbr\u00fccke, die erst im 19. Jahrhundert durch einen Zufahrtsdamm ersetzt wurde. Im sp\u00e4tmittelalterlichen Herrenhaus lebt die Besitzerfamilie von Ludowig, die auch den landwirtschaftlichen Betrieb bewirtschaftet. Besonders eindrucksvoll ist der reich verzierte Speicher.<\/p>\n<p>Brodau und Umgebung bieten f\u00fcr Naturliebhaber und Erholungssuchende viele M\u00f6glichkeiten die Idylle der Region zu genie\u00dfen. Am Sandstrand, an der Steilk\u00fcste, durch Wald, Wiesen und Felder k\u00f6nnen Sie herrliche Spazierg\u00e4nge und Wanderungen unternehmen. Bei ausgedehnten Fahrradtouren in das Landesinnere, die holsteinische Schweiz, k\u00f6nnen Sie Natur, Land und Leute kennen lernen.[\/vc_column_text][vc_media_grid css=&#8220;&#8220; grid_id=&#8220;vc_gid:1756627339060-10fd88e8-4161-3&#8243; include=&#8220;755,756,757,758,759&#8243;][\/vc_column_inner][\/vc_row_inner][\/vc_column][\/vc_row]<\/p>\n<\/div>","protected":false},"excerpt":{"rendered":"<p>[vc_row gap=&#8220;25&#8243;][vc_column][vc_column_text css=&#8220;&#8220;] RuheForst\u00ae Konzept [\/vc_column_text][vc_row_inner gap=&#8220;25&#8243; css=&#8220;.vc_custom_1725874562904{padding: 0px !important;}&#8220;][vc_column_inner][vc_column_text css=&#8220;&#8220;]Im RuheForst befinden sich zahlreiche RuheBiotope. Diese Fl\u00e4chen, durch einen Baum oder ein anderes Naturmerkmal gekennzeichnet, k\u00f6nnen als letzte Ruhest\u00e4tte&#8230; <a class=\"read-more\" href=\"https:\/\/www.ruheforst-deutschland.de\/ostseekueste\/ruheforst-konzept\/\">Weiterlesen<\/a><\/p>\n","protected":false},"author":1,"featured_media":0,"parent":0,"menu_order":0,"comment_status":"closed","ping_status":"closed","template":"","meta":{"site-sidebar-layout":"no-sidebar","site-content-layout":"plain-container","ast-site-content-layout":"default","site-content-style":"default","site-sidebar-style":"default","ast-global-header-display":"","ast-banner-title-visibility":"","ast-main-header-display":"","ast-hfb-above-header-display":"","ast-hfb-below-header-display":"","ast-hfb-mobile-header-display":"","site-post-title":"disabled","ast-breadcrumbs-content":"","ast-featured-img":"disabled","footer-sml-layout":"","ast-disable-related-posts":"","theme-transparent-header-meta":"default","adv-header-id-meta":"","stick-header-meta":"","header-above-stick-meta":"","header-main-stick-meta":"","header-below-stick-meta":"","astra-migrate-meta-layouts":"set","ast-page-background-enabled":"default","ast-page-background-meta":{"desktop":{"background-color":"var(--ast-global-color-4)","background-image":"","background-repeat":"repeat","background-position":"center center","background-size":"auto","background-attachment":"scroll","background-type":"","background-media":"","overlay-type":"","overlay-color":"","overlay-opacity":"","overlay-gradient":""},"tablet":{"background-color":"","background-image":"","background-repeat":"repeat","background-position":"center center","background-size":"auto","background-attachment":"scroll","background-type":"","background-media":"","overlay-type":"","overlay-color":"","overlay-opacity":"","overlay-gradient":""},"mobile":{"background-color":"","background-image":"","background-repeat":"repeat","background-position":"center center","background-size":"auto","background-attachment":"scroll","background-type":"","background-media":"","overlay-type":"","overlay-color":"","overlay-opacity":"","overlay-gradient":""}},"ast-content-background-meta":{"desktop":{"background-color":"var(--ast-global-color-5)","background-image":"","background-repeat":"repeat","background-position":"center center","background-size":"auto","background-attachment":"scroll","background-type":"","background-media":"","overlay-type":"","overlay-color":"","overlay-opacity":"","overlay-gradient":""},"tablet":{"background-color":"var(--ast-global-color-5)","background-image":"","background-repeat":"repeat","background-position":"center center","background-size":"auto","background-attachment":"scroll","background-type":"","background-media":"","overlay-type":"","overlay-color":"","overlay-opacity":"","overlay-gradient":""},"mobile":{"background-color":"var(--ast-global-color-5)","background-image":"","background-repeat":"repeat","background-position":"center center","background-size":"auto","background-attachment":"scroll","background-type":"","background-media":"","overlay-type":"","overlay-color":"","overlay-opacity":"","overlay-gradient":""}},"footnotes":""},"class_list":["post-231","page","type-page","status-publish","hentry"],"_links":{"self":[{"href":"https:\/\/www.ruheforst-deutschland.de\/ostseekueste\/wp-json\/wp\/v2\/pages\/231","targetHints":{"allow":["GET"]}}],"collection":[{"href":"https:\/\/www.ruheforst-deutschland.de\/ostseekueste\/wp-json\/wp\/v2\/pages"}],"about":[{"href":"https:\/\/www.ruheforst-deutschland.de\/ostseekueste\/wp-json\/wp\/v2\/types\/page"}],"author":[{"embeddable":true,"href":"https:\/\/www.ruheforst-deutschland.de\/ostseekueste\/wp-json\/wp\/v2\/users\/1"}],"replies":[{"embeddable":true,"href":"https:\/\/www.ruheforst-deutschland.de\/ostseekueste\/wp-json\/wp\/v2\/comments?post=231"}],"version-history":[{"count":19,"href":"https:\/\/www.ruheforst-deutschland.de\/ostseekueste\/wp-json\/wp\/v2\/pages\/231\/revisions"}],"predecessor-version":[{"id":760,"href":"https:\/\/www.ruheforst-deutschland.de\/ostseekueste\/wp-json\/wp\/v2\/pages\/231\/revisions\/760"}],"wp:attachment":[{"href":"https:\/\/www.ruheforst-deutschland.de\/ostseekueste\/wp-json\/wp\/v2\/media?parent=231"}],"curies":[{"name":"wp","href":"https:\/\/api.w.org\/{rel}","templated":true}]}}