{"id":378,"date":"2024-09-11T13:49:25","date_gmt":"2024-09-11T11:49:25","guid":{"rendered":"https:\/\/www.ruheforst-deutschland.de\/wingst\/?page_id=378"},"modified":"2025-10-08T11:25:27","modified_gmt":"2025-10-08T09:25:27","slug":"ablauf-einer-waldbestattung","status":"publish","type":"page","link":"https:\/\/www.ruheforst-deutschland.de\/wingst\/ablauf-einer-waldbestattung\/","title":{"rendered":"Ablauf einer Waldbestattung"},"content":{"rendered":"<div class=\"wpb-content-wrapper\"><p>[vc_row][vc_column][vc_column_text css=&#8220;&#8220;]<\/p>\n<h1>Wie kann eine Waldbestattung gestaltet werden?<\/h1>\n<p>[\/vc_column_text][vc_column_text css=&#8220;&#8220;][\/vc_column_text][vc_row_inner gap=&#8220;25&#8243; css=&#8220;.vc_custom_1726055401120{padding: 0px !important;}&#8220;][vc_column_inner width=&#8220;2\/3&#8243;][vc_column_text css=&#8220;&#8220;]<\/p>\n<p>F\u00fcr Trauerfeiern stehen Ihnen ein Andachtsplatz sowie der Holz-Pavillon zur Verf\u00fcgung. Den Ablauf k\u00f6nnen Sie nach Ihren Vorstellungen und den W\u00fcnschen des Verstorbenen gestalten.<\/p>\n<p>Pastor, Trauerredner und Begleiter, Musiker oder die \u00f6rtliche Gastronomie k\u00f6nnen Teil der pers\u00f6nlichen Verabschiedung werden. Wir arbeiten mit dem von Ihnen frei w\u00e4hlbaren Bestatter Hand in Hand.<\/p>\n<p>Zum Abschiednehmen d\u00fcrfen Sie f\u00fcr die Dauer der Trauerfeier Dekoration und Blumenschmuck mitbringen, die im Anschluss jedoch wieder mitgenommen werden m\u00fcssen.<\/p>\n<p>Ab diesem Zeitpunkt \u00fcbernimmt die Natur allein die Grabpflege.[\/vc_column_text][\/vc_column_inner][vc_column_inner width=&#8220;1\/3&#8243;][vc_column_text css=&#8220;.vc_custom_1726056569029{padding: 25px !important;background-color: #E0DCCE !important;}&#8220;]<\/p>\n<h4>Download<\/h4>\n<ul>\n<li><a href=\"https:\/\/www.ruheforst-deutschland.de\/wp-content\/uploads\/2023\/11\/Wegweiser-im-Trauerfall.pdf\" target=\"_blank\" rel=\"noopener\">Abschied nehmen im Herzen des Waldes \u2013 Ein Wegweiser f\u00fcr den Trauerfall<\/a>, PDF<\/li>\n<\/ul>\n<p>[\/vc_column_text][vc_raw_html css=&#8220;&#8220;]JTNDaWZyYW1lJTIwJTIwJTIwc3JjJTNEJTIyaHR0cHMlM0ElMkYlMkZ3d3cucnVoZWZvcnN0LWRldXRzY2hsYW5kLmRlJTJGZmxpcGJvb2tzJTJGV2Vnd2Vpc2VyLWltLVRyYXVlcmZhbGwlMkYlMjIlMEElMjAlMjAlMjB3aWR0aCUzRCUyMjEwMCUyNSUyMiUyMCUwQSUyMCUyMCUyMGhlaWdodCUzRCUyMjQwMCUyMiUyMCUwQSUyMCUyMCUyMG5hbWUlM0QlMjJTRUxGSFRNTF9pbl9hX2JveCUyMiUzRSUwQSUwQSUzQ3AlM0VJaHIlMjBCcm93c2VyJTIwa2FubiUyMGxlaWRlciUyMGtlaW5lJTIwZWluZ2ViZXR0ZXRlbiUyMEZyYW1lcyUyMGFuemVpZ2VuJTNBJTBBU2llJTIwayVDMyVCNm5uZW4lMjBkaWUlMjBlaW5nZWJldHRldGUlMjBTZWl0ZSUyMCVDMyVCQ2JlciUyMGRlbiUyMGZvbGdlbmRlbiUyMFZlcndlaXMlMjBhdWZydWZlbiUzQSUyMCUwQSUzQ2ElMjBocmVmJTNEJTIydHRwcyUzQSUyRiUyRnJ1aGVmb3JzdC5jZHdvcmtzLmRlJTJGZmxpcGJvb2tzJTJGV2Vnd2Vpc2VyLWltLVRyYXVlcmZhbGwlMkYlMjIlMjB0YXJnZXQlM0QlMjJfYmxhbmslMjIlM0VMaW5rJTNDJTJGYSUzRSUwQSUzQyUyRnAlM0UlMEElM0MlMkZpZnJhbWUlM0U=[\/vc_raw_html][\/vc_column_inner][\/vc_row_inner][vc_empty_space height=&#8220;50px&#8220;][\/vc_column][\/vc_row]<\/p>\n<\/div>","protected":false},"excerpt":{"rendered":"<p>[vc_row][vc_column][vc_column_text css=&#8220;&#8220;] Wie kann eine Waldbestattung gestaltet werden? [\/vc_column_text][vc_column_text css=&#8220;&#8220;][\/vc_column_text][vc_row_inner gap=&#8220;25&#8243; css=&#8220;.vc_custom_1726055401120{padding: 0px !important;}&#8220;][vc_column_inner width=&#8220;2\/3&#8243;][vc_column_text css=&#8220;&#8220;] F\u00fcr Trauerfeiern stehen Ihnen ein Andachtsplatz sowie der Holz-Pavillon zur Verf\u00fcgung. Den Ablauf k\u00f6nnen&#8230; <a class=\"read-more\" href=\"https:\/\/www.ruheforst-deutschland.de\/wingst\/ablauf-einer-waldbestattung\/\">Weiterlesen<\/a><\/p>\n","protected":false},"author":1,"featured_media":0,"parent":0,"menu_order":0,"comment_status":"closed","ping_status":"closed","template":"","meta":{"site-sidebar-layout":"no-sidebar","site-content-layout":"plain-container","ast-site-content-layout":"default","site-content-style":"default","site-sidebar-style":"default","ast-global-header-display":"","ast-banner-title-visibility":"","ast-main-header-display":"","ast-hfb-above-header-display":"","ast-hfb-below-header-display":"","ast-hfb-mobile-header-display":"","site-post-title":"disabled","ast-breadcrumbs-content":"","ast-featured-img":"disabled","footer-sml-layout":"","ast-disable-related-posts":"","theme-transparent-header-meta":"default","adv-header-id-meta":"","stick-header-meta":"","header-above-stick-meta":"","header-main-stick-meta":"","header-below-stick-meta":"","astra-migrate-meta-layouts":"set","ast-page-background-enabled":"default","ast-page-background-meta":{"desktop":{"background-color":"var(--ast-global-color-4)","background-image":"","background-repeat":"repeat","background-position":"center center","background-size":"auto","background-attachment":"scroll","background-type":"","background-media":"","overlay-type":"","overlay-color":"","overlay-opacity":"","overlay-gradient":""},"tablet":{"background-color":"","background-image":"","background-repeat":"repeat","background-position":"center center","background-size":"auto","background-attachment":"scroll","background-type":"","background-media":"","overlay-type":"","overlay-color":"","overlay-opacity":"","overlay-gradient":""},"mobile":{"background-color":"","background-image":"","background-repeat":"repeat","background-position":"center center","background-size":"auto","background-attachment":"scroll","background-type":"","background-media":"","overlay-type":"","overlay-color":"","overlay-opacity":"","overlay-gradient":""}},"ast-content-background-meta":{"desktop":{"background-color":"var(--ast-global-color-5)","background-image":"","background-repeat":"repeat","background-position":"center center","background-size":"auto","background-attachment":"scroll","background-type":"","background-media":"","overlay-type":"","overlay-color":"","overlay-opacity":"","overlay-gradient":""},"tablet":{"background-color":"var(--ast-global-color-5)","background-image":"","background-repeat":"repeat","background-position":"center center","background-size":"auto","background-attachment":"scroll","background-type":"","background-media":"","overlay-type":"","overlay-color":"","overlay-opacity":"","overlay-gradient":""},"mobile":{"background-color":"var(--ast-global-color-5)","background-image":"","background-repeat":"repeat","background-position":"center center","background-size":"auto","background-attachment":"scroll","background-type":"","background-media":"","overlay-type":"","overlay-color":"","overlay-opacity":"","overlay-gradient":""}},"footnotes":""},"class_list":["post-378","page","type-page","status-publish","hentry"],"_links":{"self":[{"href":"https:\/\/www.ruheforst-deutschland.de\/wingst\/wp-json\/wp\/v2\/pages\/378","targetHints":{"allow":["GET"]}}],"collection":[{"href":"https:\/\/www.ruheforst-deutschland.de\/wingst\/wp-json\/wp\/v2\/pages"}],"about":[{"href":"https:\/\/www.ruheforst-deutschland.de\/wingst\/wp-json\/wp\/v2\/types\/page"}],"author":[{"embeddable":true,"href":"https:\/\/www.ruheforst-deutschland.de\/wingst\/wp-json\/wp\/v2\/users\/1"}],"replies":[{"embeddable":true,"href":"https:\/\/www.ruheforst-deutschland.de\/wingst\/wp-json\/wp\/v2\/comments?post=378"}],"version-history":[{"count":16,"href":"https:\/\/www.ruheforst-deutschland.de\/wingst\/wp-json\/wp\/v2\/pages\/378\/revisions"}],"predecessor-version":[{"id":2187,"href":"https:\/\/www.ruheforst-deutschland.de\/wingst\/wp-json\/wp\/v2\/pages\/378\/revisions\/2187"}],"wp:attachment":[{"href":"https:\/\/www.ruheforst-deutschland.de\/wingst\/wp-json\/wp\/v2\/media?parent=378"}],"curies":[{"name":"wp","href":"https:\/\/api.w.org\/{rel}","templated":true}]}}